{"id":624,"date":"2018-07-31T16:33:58","date_gmt":"2018-07-31T16:33:58","guid":{"rendered":"http:\/\/alexandrasbienenwelt.de\/?page_id=624"},"modified":"2020-08-24T06:08:57","modified_gmt":"2020-08-24T06:08:57","slug":"bienen-erleben-ausschwaermen-zu-den-bienen","status":"publish","type":"page","link":"https:\/\/alexandrasbienenwelt.de\/?page_id=624","title":{"rendered":"Bienen erleben &#8211; mit der Schulklasse"},"content":{"rendered":"\n<p><strong>Mit der Schulklasse als intensives Ganzjahresprojekt<\/strong><\/p>\n\n\n\n<figure class=\"wp-block-image size-large\"><img loading=\"lazy\" decoding=\"async\" width=\"644\" height=\"483\" src=\"https:\/\/alexandrasbienenwelt.de\/wp-content\/uploads\/2020\/08\/2015-06-16-1b-4-644x483.jpg\" alt=\"\" class=\"wp-image-1123\" srcset=\"https:\/\/alexandrasbienenwelt.de\/wp-content\/uploads\/2020\/08\/2015-06-16-1b-4-644x483.jpg 644w, https:\/\/alexandrasbienenwelt.de\/wp-content\/uploads\/2020\/08\/2015-06-16-1b-4-300x225.jpg 300w, https:\/\/alexandrasbienenwelt.de\/wp-content\/uploads\/2020\/08\/2015-06-16-1b-4-768x576.jpg 768w, https:\/\/alexandrasbienenwelt.de\/wp-content\/uploads\/2020\/08\/2015-06-16-1b-4-1536x1152.jpg 1536w, https:\/\/alexandrasbienenwelt.de\/wp-content\/uploads\/2020\/08\/2015-06-16-1b-4.jpg 2048w\" sizes=\"auto, (max-width: 644px) 100vw, 644px\" \/><\/figure>\n\n\n\n<p>Bienen im Jahreslauf entdecken \u2013 erleben \u2013 erfahren<br>Naturbeobachtungen, Besuche am Bienenstand, Begleitung der imkerlichen T\u00e4tigkeiten, Spiele, Kreativaktionen<\/p>\n\n\n\n<figure class=\"wp-block-gallery columns-3 is-cropped wp-block-gallery-1 is-layout-flex wp-block-gallery-is-layout-flex\"><ul class=\"blocks-gallery-grid\"><li class=\"blocks-gallery-item\"><figure><img loading=\"lazy\" decoding=\"async\" width=\"644\" height=\"1073\" src=\"https:\/\/alexandrasbienenwelt.de\/wp-content\/uploads\/2020\/08\/2017-Schule-1-644x1073.jpeg\" alt=\"\" data-id=\"1131\" data-full-url=\"https:\/\/alexandrasbienenwelt.de\/wp-content\/uploads\/2020\/08\/2017-Schule-1-rotated.jpeg\" data-link=\"https:\/\/alexandrasbienenwelt.de\/?attachment_id=1131\" class=\"wp-image-1131\" srcset=\"https:\/\/alexandrasbienenwelt.de\/wp-content\/uploads\/2020\/08\/2017-Schule-1-644x1073.jpeg 644w, https:\/\/alexandrasbienenwelt.de\/wp-content\/uploads\/2020\/08\/2017-Schule-1-180x300.jpeg 180w, https:\/\/alexandrasbienenwelt.de\/wp-content\/uploads\/2020\/08\/2017-Schule-1-768x1280.jpeg 768w, https:\/\/alexandrasbienenwelt.de\/wp-content\/uploads\/2020\/08\/2017-Schule-1-922x1536.jpeg 922w, https:\/\/alexandrasbienenwelt.de\/wp-content\/uploads\/2020\/08\/2017-Schule-1-1229x2048.jpeg 1229w, https:\/\/alexandrasbienenwelt.de\/wp-content\/uploads\/2020\/08\/2017-Schule-1-rotated.jpeg 1536w\" sizes=\"auto, (max-width: 644px) 100vw, 644px\" \/><\/figure><\/li><li class=\"blocks-gallery-item\"><figure><img loading=\"lazy\" decoding=\"async\" width=\"644\" height=\"1073\" src=\"https:\/\/alexandrasbienenwelt.de\/wp-content\/uploads\/2020\/08\/20150506_171545-644x1073.jpg\" alt=\"\" data-id=\"1129\" data-full-url=\"https:\/\/alexandrasbienenwelt.de\/wp-content\/uploads\/2020\/08\/20150506_171545-rotated.jpg\" data-link=\"https:\/\/alexandrasbienenwelt.de\/?attachment_id=1129\" class=\"wp-image-1129\" srcset=\"https:\/\/alexandrasbienenwelt.de\/wp-content\/uploads\/2020\/08\/20150506_171545-644x1073.jpg 644w, https:\/\/alexandrasbienenwelt.de\/wp-content\/uploads\/2020\/08\/20150506_171545-180x300.jpg 180w, https:\/\/alexandrasbienenwelt.de\/wp-content\/uploads\/2020\/08\/20150506_171545-768x1280.jpg 768w, https:\/\/alexandrasbienenwelt.de\/wp-content\/uploads\/2020\/08\/20150506_171545-922x1536.jpg 922w, https:\/\/alexandrasbienenwelt.de\/wp-content\/uploads\/2020\/08\/20150506_171545-1229x2048.jpg 1229w, https:\/\/alexandrasbienenwelt.de\/wp-content\/uploads\/2020\/08\/20150506_171545-rotated.jpg 1536w\" sizes=\"auto, (max-width: 644px) 100vw, 644px\" \/><\/figure><\/li><li class=\"blocks-gallery-item\"><figure><img loading=\"lazy\" decoding=\"async\" width=\"644\" height=\"1145\" src=\"https:\/\/alexandrasbienenwelt.de\/wp-content\/uploads\/2020\/08\/Schwarmeinlauf-in-der-Notbetreuung-4-644x1145.jpg\" alt=\"\" data-id=\"1130\" data-full-url=\"https:\/\/alexandrasbienenwelt.de\/wp-content\/uploads\/2020\/08\/Schwarmeinlauf-in-der-Notbetreuung-4-scaled.jpg\" data-link=\"https:\/\/alexandrasbienenwelt.de\/?attachment_id=1130\" class=\"wp-image-1130\" srcset=\"https:\/\/alexandrasbienenwelt.de\/wp-content\/uploads\/2020\/08\/Schwarmeinlauf-in-der-Notbetreuung-4-644x1145.jpg 644w, https:\/\/alexandrasbienenwelt.de\/wp-content\/uploads\/2020\/08\/Schwarmeinlauf-in-der-Notbetreuung-4-169x300.jpg 169w, https:\/\/alexandrasbienenwelt.de\/wp-content\/uploads\/2020\/08\/Schwarmeinlauf-in-der-Notbetreuung-4-768x1365.jpg 768w, https:\/\/alexandrasbienenwelt.de\/wp-content\/uploads\/2020\/08\/Schwarmeinlauf-in-der-Notbetreuung-4-864x1536.jpg 864w, https:\/\/alexandrasbienenwelt.de\/wp-content\/uploads\/2020\/08\/Schwarmeinlauf-in-der-Notbetreuung-4-1152x2048.jpg 1152w, https:\/\/alexandrasbienenwelt.de\/wp-content\/uploads\/2020\/08\/Schwarmeinlauf-in-der-Notbetreuung-4-scaled.jpg 1440w\" sizes=\"auto, (max-width: 644px) 100vw, 644px\" \/><\/figure><\/li><li class=\"blocks-gallery-item\"><figure><img loading=\"lazy\" decoding=\"async\" width=\"644\" height=\"483\" src=\"https:\/\/alexandrasbienenwelt.de\/wp-content\/uploads\/2020\/08\/DSCF8473-644x483.jpg\" alt=\"\" data-id=\"1132\" data-full-url=\"https:\/\/alexandrasbienenwelt.de\/wp-content\/uploads\/2020\/08\/DSCF8473-scaled.jpg\" data-link=\"https:\/\/alexandrasbienenwelt.de\/?attachment_id=1132\" class=\"wp-image-1132\" srcset=\"https:\/\/alexandrasbienenwelt.de\/wp-content\/uploads\/2020\/08\/DSCF8473-644x483.jpg 644w, https:\/\/alexandrasbienenwelt.de\/wp-content\/uploads\/2020\/08\/DSCF8473-300x225.jpg 300w, https:\/\/alexandrasbienenwelt.de\/wp-content\/uploads\/2020\/08\/DSCF8473-768x576.jpg 768w, https:\/\/alexandrasbienenwelt.de\/wp-content\/uploads\/2020\/08\/DSCF8473-1536x1152.jpg 1536w, https:\/\/alexandrasbienenwelt.de\/wp-content\/uploads\/2020\/08\/DSCF8473-2048x1536.jpg 2048w\" sizes=\"auto, (max-width: 644px) 100vw, 644px\" \/><\/figure><\/li><\/ul><\/figure>\n\n\n\n<p><strong>Mit der Schulklasse als Ausflug zu den Bienen<\/strong><\/p>\n\n\n\n<p>Bienenkunde, Spiele, R\u00e4tsel, Besuch beim Bienenvolk<\/p>\n\n\n\n<figure class=\"wp-block-image size-large is-resized\"><img loading=\"lazy\" decoding=\"async\" src=\"https:\/\/alexandrasbienenwelt.de\/wp-content\/uploads\/2020\/08\/20160503_114644-644x1073.jpg\" alt=\"\" class=\"wp-image-1135\" width=\"322\" height=\"537\" srcset=\"https:\/\/alexandrasbienenwelt.de\/wp-content\/uploads\/2020\/08\/20160503_114644-644x1073.jpg 644w, https:\/\/alexandrasbienenwelt.de\/wp-content\/uploads\/2020\/08\/20160503_114644-180x300.jpg 180w, https:\/\/alexandrasbienenwelt.de\/wp-content\/uploads\/2020\/08\/20160503_114644-768x1280.jpg 768w, https:\/\/alexandrasbienenwelt.de\/wp-content\/uploads\/2020\/08\/20160503_114644-922x1536.jpg 922w, https:\/\/alexandrasbienenwelt.de\/wp-content\/uploads\/2020\/08\/20160503_114644-1229x2048.jpg 1229w, https:\/\/alexandrasbienenwelt.de\/wp-content\/uploads\/2020\/08\/20160503_114644-rotated.jpg 1536w\" sizes=\"auto, (max-width: 322px) 100vw, 322px\" \/><\/figure>\n\n\n\n<figure class=\"wp-block-image size-large is-resized\"><img loading=\"lazy\" decoding=\"async\" src=\"https:\/\/alexandrasbienenwelt.de\/wp-content\/uploads\/2020\/08\/SummSumm-644x483.jpg\" alt=\"\" class=\"wp-image-1133\" width=\"322\" height=\"242\" srcset=\"https:\/\/alexandrasbienenwelt.de\/wp-content\/uploads\/2020\/08\/SummSumm-644x483.jpg 644w, https:\/\/alexandrasbienenwelt.de\/wp-content\/uploads\/2020\/08\/SummSumm-300x225.jpg 300w, https:\/\/alexandrasbienenwelt.de\/wp-content\/uploads\/2020\/08\/SummSumm-768x576.jpg 768w, https:\/\/alexandrasbienenwelt.de\/wp-content\/uploads\/2020\/08\/SummSumm-1536x1152.jpg 1536w, https:\/\/alexandrasbienenwelt.de\/wp-content\/uploads\/2020\/08\/SummSumm-2048x1536.jpg 2048w\" sizes=\"auto, (max-width: 322px) 100vw, 322px\" \/><\/figure>\n\n\n\n<p><strong>Alle Programme sind abh\u00e4ngig vom Jahreslauf und vom jeweiligen Entwicklungsstand der Bienenv\u00f6lker. Dadurch erwartetet Sie und Ihre Gruppe ein abwechslungsreiches Erlebnis mit vielen \u00dcberraschungen und neuen Entdeckungen.<\/strong><br><strong> Gerne stelle ich f\u00fcr Sie ein individuelles Programm zusammen.<\/strong><\/p>\n\n\n\n<p><a href=\"http:\/\/alexandrasbienenwelt.de\/?page_id=29\">Kontakt: info (at) alexandrasbienenwelt.de<\/a><\/p>\n","protected":false},"excerpt":{"rendered":"<p>Mit der Schulklasse als intensives Ganzjahresprojekt Bienen im Jahreslauf entdecken \u2013 erleben \u2013 erfahrenNaturbeobachtungen, Besuche am Bienenstand, Begleitung der imkerlichen T\u00e4tigkeiten, Spiele, Kreativaktionen Mit der Schulklasse als Ausflug zu den Bienen Bienenkunde, Spiele, R\u00e4tsel, Besuch beim Bienenvolk Alle Programme sind &hellip; <a href=\"https:\/\/alexandrasbienenwelt.de\/?page_id=624\">Weiterlesen <span class=\"meta-nav\">&rarr;<\/span><\/a><\/p>\n","protected":false},"author":1,"featured_media":0,"parent":13,"menu_order":0,"comment_status":"closed","ping_status":"closed","template":"","meta":{"footnotes":""},"class_list":["post-624","page","type-page","status-publish","hentry"],"_links":{"self":[{"href":"https:\/\/alexandrasbienenwelt.de\/index.php?rest_route=\/wp\/v2\/pages\/624","targetHints":{"allow":["GET"]}}],"collection":[{"href":"https:\/\/alexandrasbienenwelt.de\/index.php?rest_route=\/wp\/v2\/pages"}],"about":[{"href":"https:\/\/alexandrasbienenwelt.de\/index.php?rest_route=\/wp\/v2\/types\/page"}],"author":[{"embeddable":true,"href":"https:\/\/alexandrasbienenwelt.de\/index.php?rest_route=\/wp\/v2\/users\/1"}],"replies":[{"embeddable":true,"href":"https:\/\/alexandrasbienenwelt.de\/index.php?rest_route=%2Fwp%2Fv2%2Fcomments&post=624"}],"version-history":[{"count":6,"href":"https:\/\/alexandrasbienenwelt.de\/index.php?rest_route=\/wp\/v2\/pages\/624\/revisions"}],"predecessor-version":[{"id":1136,"href":"https:\/\/alexandrasbienenwelt.de\/index.php?rest_route=\/wp\/v2\/pages\/624\/revisions\/1136"}],"up":[{"embeddable":true,"href":"https:\/\/alexandrasbienenwelt.de\/index.php?rest_route=\/wp\/v2\/pages\/13"}],"wp:attachment":[{"href":"https:\/\/alexandrasbienenwelt.de\/index.php?rest_route=%2Fwp%2Fv2%2Fmedia&parent=624"}],"curies":[{"name":"wp","href":"https:\/\/api.w.org\/{rel}","templated":true}]}}